 + y. What are the prime factors of q?
5, 173
Suppose -8857 - 13092 - 4367 = -86*p. List the prime factors of p.
2, 3, 17
Let a = 60 - 36. Let v be ((-8)/a)/(3/81). What are the prime factors of ((-1)/(-2))/(v/(-774))?
43
Suppose -8*h - 30 = -6*h - 2*p, 4*p = -h. What are the prime factors of (922 + 0)/(h + 14)?
461
Let r(f) = 3*f**3 + 21*f**2 - 33*f + 143. What are the prime factors of r(16)?
37, 467
Suppose -4 = -24*g + 22*g. Suppose 5*w = -g*b + 216, 0*b - 168 = -4*w - 4*b. What are the prime factors of ((-77)/w)/((-1)/8)?
2, 7
Let z(p) = 357*p + 45. Let x be z(16). Suppose -16*g = -x - 1827. What are the prime factors of g?
2, 3, 79
Let s be (0 - 4) + (-16464)/(-28). Let b = 391 + s. What are the prime factors of b?
3, 5, 13
Let d(q) = 2636*q - 8840. What are the prime factors of d(9)?
2, 61
Let p = -24 - -24. Suppose p = 2*w - 6*w - 2*m + 1980, 495 = w + 4*m. Suppose -6*u + u + w = 0. What are the prime factors of u?
3, 11
Let h(k) = -4185*k + 8154. What are the prime factors of h(-15)?
3, 37, 71
Let j be (3 - (-2 - 29)) + 5 + -5. List the prime factors of 10136/j + (-5)/255*6.
2, 149
Suppose 14*y + 3*f = 592392, -104*y + 99*y - 2*f + 211563 = 0. List the prime factors of y.
3, 5, 7, 13, 31
Suppose 2*d = 4*k - 16, -5*k - 4*d - 11 = -18. Let v(b) = -7 - 3*b - 6*b + 26*b. List the prime factors of v(k).
2, 11
Suppose -4*n = 2*s - 25218, -n + 13127 = 2*s - 12076. What are the prime factors of s?
43, 293
What are the prime factors of 6179 + -1*10/1?
31, 199
Let a(c) = -2*c**3 + 31*c**2 + 4*c - 15. Let z = -386 - -394. What are the prime factors of a(z)?
977
Let s(w) = -14*w + 24*w - 4*w**2 - 62 + 3*w**2 + 23*w. Suppose 36 - 146 = -5*u. List the prime factors of s(u).
2, 3, 5
Let z be (22/(-4) + -2)*40/(-25). List the prime factors of 9/1*4/(z/113).
3, 113
Suppose -47762 = 30*x - 2672. Let s = 2220 + x. What are the prime factors of s?
3, 239
Suppose -1281 = -336*t + 333*t. Let a = 13 + t. What are the prime factors of a?
2, 5, 11
Let i = -44234 - -62567. List the prime factors of i.
3, 7, 97
Let s(b) = -46*b + 8. Let y be s(-2). Suppose 14*w - 10*w = y. Let i = w + -7. List the prime factors of i.
2, 3
Suppose 8*o - 3*o = 45. Suppose -3*r + w - 266 = 0, r - 3*w + 87 = o. Let y = -81 - r. What are the prime factors of y?
3
Suppose 19*y - 125 - 8 = 0. What are the prime factors of (682/3)/(y/(1 + 20))?
2, 11, 31
Let x(d) = 2*d**2 + 61*d - 151. Suppose 2*o = 4*j + 186, -4*o + 237 = -3*j - 2*j. What are the prime factors of x(j)?
2, 577
Suppose -7*t + 37307 = -2*n, -17250 = -4*t - 4*n + 4058. List the prime factors of t.
73
Let r(u) = u**3 - 26*u**2 - 45*u + 937. What are the prime factors of r(33)?
5, 283
Let f be (3 - 144/(-4))*-3. Let j be 4/18 - 325/f. Suppose 0 = -2*g - j*t + 37, 7*g + 3*t - 48 = 4*g. What are the prime factors of g?
11
Let c(q) = 4*q - 92. Let d be c(-5). List the prime factors of (-3)/8 + (-95578)/d.
853
Suppose -4*b + 27 = 3*z, 2*z + 4 = -b + 27. Suppose -3*c + 124 = z. List the prime factors of c.
37
Suppose -138 = -10*n + 612. Suppose -n*c + 7920 = -66*c. List the prime factors of c.
2, 5, 11
Let g(v) = 2*v**2 + 2*v + 56. Let q be g(-9). List the prime factors of (q/(-6))/(762/(-108) - -7).
2, 3, 5
Suppose 66*l - 53*l + 195 = 0. What are the prime factors of 18424/40 + 9/l?
2, 5, 23
What are the prime factors of 218482/8 + ((-9)/34)/((-258)/731)?
31, 881
Let z(v) = -2*v**3 - 53*v**2 + 34*v - 32. Let u be z(-27). Let s = 240 + u. What are the prime factors of s?
19
Suppose 3*s - 53 + 2 = 0. Suppose 23 = 4*k - s. Let j(i) = 10*i + 28. What are the prime factors of j(k)?
2
Let l(j) = 837 - 271 + 2*j + 1042*j**3 - j**2 + 0*j - 1041*j**3. Let s be l(0). Suppose 2*a = -5*b - 0*a + 563, a = 5*b - s. List the prime factors of b.
113
Let n be (8 - 1 - 1) + (-3 - -4). Suppose -n*k + 9075 = -2531. What are the prime factors of k?
2, 829
Let l be 3 + -6 + 0 + -51. Let o = -23 - l. Let v = o + -4. What are the prime factors of v?
3
Let f = -235 - -238. Suppose -f*u = 192 - 537. What are the prime factors of u?
5, 23
Let b be 4/((-16)/20) + 5. Suppose 2*i - 4*p - 130 = b, -5*p - 355 = -5*i - p. What are the prime factors of i?
3, 5
Let a(u) be the first derivative of 165*u**2 + 267*u - 278. List the prime factors of a(4).
3, 23
What are the prime factors of (-37478)/(-3)*-3*3/((-147)/14)?
2, 2677
Let f be (-14 + 8)/(24/(-18160)). Suppose -f = -4*g + 2*r + 734, 0 = -5*g - 5*r + 6555. What are the prime factors of g?
2, 7, 47
Let l be (-598)/(-161) + (-2 - 48/(-21)). Suppose -l*i - r - 1167 = -3170, -2*i + 997 = -r. What are the prime factors of i?
2, 5
Suppose 8*u - 116 = -188. What are the prime factors of (-2)/(-3) + (-8733)/u?
971
Suppose -113*f + 5812039 = 3568867 - 4981822. List the prime factors of f.
2, 7, 4567
Let c = 863 + -1240. What are the prime factors of (-18)/(-15)*-5 - c?
7, 53
Let c = -192 + 15146. List the prime factors of c.
2, 7477
Let c(h) = 71*h + 110. Let j be c(5). Let k = 739 - j. List the prime factors of k.
2, 137
Let o(s) = -s + 24. Suppose -2*v + 11*v + 315 = 0. Let l = v - -20. What are the prime factors of o(l)?
3, 13
Let a(t) = 305*t - 1369. What are the prime factors of a(6)?
461
Suppose 0 = -5*s - 3*z + 76312, 14*s - 11*z - 76256 = 9*s. List the prime factors of s.
2, 5, 7, 109
What are the prime factors of (-8 + 13921)/1 + -4 + 14?
3, 7, 13, 17
Let f(j) = -5*j + 22. Let n be f(6). Let d(t) = -2*t**3 - 12*t**2 - 3*t + 23. List the prime factors of d(n).
3, 101
Suppose -91 = -19*w - 34. Suppose -w*j = -4*k + 4356, -27*k - 4*j - 1102 = -28*k. What are the prime factors of k?
2, 3, 181
Suppose 1056 = -3*n + 9*n. Let z = 354 - n. List the prime factors of z.
2, 89
Suppose 3*v + 29394 = 5*y, -40*y - 23502 = -44*y - 2*v. List the prime factors of y.
3, 653
Let s = -296 + 238. Let v = 266 + s. What are the prime factors of v?
2, 13
Suppose -3*g + 33 = 3*q, 3*q + g = -0*g + 33. Suppose 14*v - q*v - 6 = 0. What are the prime factors of v - 2 - 1*-117?
3, 13
Suppose -5*q + 0*q + 915 = 0. Suppose 0 = 3*y - 2*p + 50 - 405, -2*y = 2*p - 250. Let r = q - y. What are the prime factors of r?
2, 31
What are the prime factors of 2*578/16*(-32 - -128)?
2, 3, 17
What are the prime factors of (-8)/(-10) - ((-121443)/15 + 2 + -8)?
3, 37, 73
Let m(w) = 2*w**3 - 5*w**2 + w + 8. Let c be m(4). Let k = c + -20. List the prime factors of (-8)/k - 472/(-10).
47
Let o(r) = 17*r**2 - 2*r + 21. Let p(i) = 32*i**2 - 5*i + 43. Let k(l) = -11*o(l) + 6*p(l). List the prime factors of k(7).
2, 3
Suppose 3*c - 14551 = 4*w, 0 = -194*c + 198*c + 4*w - 19420. List the prime factors of c.
23, 211
Suppose 0 = -3*k + 5*k + 2*k. Suppose -3*t + 2*y = -3*y - 405, 2*t - 3*y - 269 = k. Let z = 247 - t. What are the prime factors of z?
3, 13
Let m = 182 + -182. Suppose 10*b - 1096 - 2724 = m. What are the prime factors of b?
2, 191
Let q(k) = -1148*k + 286. What are the prime factors of q(-4)?
2, 3, 271
Suppose -2*r = -2*n - 145020, 2*n - 280614 = -4*r + 9396. List the prime factors of r.
5, 17, 853
Let t(m) = m**2 - 41*m - 6. Let j be t(26). Let b = -262 - j. List the prime factors of b.
2, 67
Let b(t) = t**3 - t**2 - 3*t + 110. Let g be b(0). Let i = g - 107. Suppose -4*j - 433 = -3*w, -i*j = 5*w - 813 + 130. List the prime factors of w.
139
Let s(b) = 19*b**2 + 40*b - 222. What are the prime factors of s(14)?
2, 3, 677
Let x be 5/(-5)*0 + 3. Suppose z = -t - z + 478, 3*z = x. What are the prime factors of t?
2, 7, 17
Let q(a) = 25*a**2 + 3. Let t = 45 + -40. Suppose y = -t*k - 7 - 1, 2*y + 2*k = 0. What are the prime factors of q(y)?
103
Suppose 14106*d - 14129*d + 42734 = 0. List the prime factors of d.
2, 929
Let y = 989 - 53. Suppose 27*m - y = 24*m. List the prime factors of m.
2, 3, 13
Let w = 203 + -211. List the prime factors of 11*(w - -9)*(71 - 0).
11, 71
Let b(t) = 32*t**2 - 62*t + 740. What are the prime factors of b(17)?
2, 3, 1489
What are the prime factors of (1649/119)/(2/154)?
11, 97
Suppose 9*t - 6*t + 336 = 0. Let f be (-1 - 1)*8/(t/63). Suppose 20 = -f*a + 4*a, -a - 7 = -n. What are the prime factors of n?
3
Suppose g = 0, -22 = 3*n + 3*g - 28. Suppose -n*j + 783 = 5*w, j = -2*w - 0*w + 313. What are the prime factors of w?
157
Suppose -5 = -4*k + 4*m + 23, 2*m = k - 10. Suppose -35 = k*f - 2803. What are the prime factors